ime factors of 25702499.
5021, 5119
What are the prime factors of 3556259?
7, 508037
List the prime factors of 70932.
2, 3, 23, 257
List the prime factors of 4294386.
2, 3, 227, 1051
List the prime factors of 439364.
2, 109841
List the prime factors of 155583.
3, 59, 293
What are the prime factors of 428?
2, 107
List the prime factors of 11438.
2, 7, 19, 43
List the prime factors of 622274.
2, 311137
What are the prime factors of 163422?
2, 3, 7, 1297
List the prime factors of 19461767.
13, 491, 3049
What are the prime factors of 1985207?
7, 283601
What are the prime factors of 68818?
2, 19, 1811
List the prime factors of 248098.
2, 17, 7297
List the prime factors of 2915007.
3, 17, 61, 937
List the prime factors of 5549286.
2, 3, 924881
What are the prime factors of 10456710?
2, 3, 5, 11, 31687
List the prime factors of 2529056.
2, 17, 4649
What are the prime factors of 1199169?
3, 133241
What are the prime factors of 580230?
2, 3, 5, 7, 307
What are the prime factors of 541701?
3, 20063
What are the prime factors of 1394262?
2, 3, 29, 2671
List the prime factors of 3617461.
43, 84127
What are the prime factors of 199895?
5, 39979
List the prime factors of 133086.
2, 3, 41, 541
List the prime factors of 3994651.
101, 39551
List the prime factors of 777935.
5, 157, 991
What are the prime factors of 460453?
7, 9397
List the prime factors of 2662631.
37, 71963
List the prime factors of 3553065.
3, 5, 31, 283
List the prime factors of 32659.
11, 2969
What are the prime factors of 1331463?
3, 7, 19, 47, 71
What are the prime factors of 307210?
2, 5, 31, 991
What are the prime factors of 205711?
11, 18701
What are the prime factors of 638620?
2, 5, 37, 863
What are the prime factors of 294805?
5, 7, 8423
What are the prime factors of 321545?
5, 7, 9187
List the prime factors of 7325921.
41, 178681
List the prime factors of 157884.
2, 3, 59, 223
What are the prime factors of 4052417?
1453, 2789
List the prime factors of 1608746.
2, 29, 27737
List the prime factors of 17996822.
2, 8998411
What are the prime factors of 49737?
3, 59, 281
What are the prime factors of 7823263?
7, 1117609
What are the prime factors of 5346960?
2, 3, 5, 22279
What are the prime factors of 1639801?
743, 2207
What are the prime factors of 891421?
891421
List the prime factors of 17320060.
2, 5, 866003
What are the prime factors of 1030569?
3, 47, 7309
List the prime factors of 200590.
2, 5, 13, 1543
What are the prime factors of 104860?
2, 5, 7, 107
What are the prime factors of 864021?
3, 288007
List the prime factors of 84584.
2, 97, 109
What are the prime factors of 927919?
433, 2143
List the prime factors of 23474357.
23474357
List the prime factors of 346637.
29, 11953
List the prime factors of 214725.
3, 5, 7, 409
List the prime factors of 1309855.
5, 261971
List the prime factors of 850929.
3, 89, 3187
What are the prime factors of 88180?
2, 5, 4409
What are the prime factors of 14958434?
2, 19, 37, 10639
What are the prime factors of 132478?
2, 66239
List the prime factors of 1650308.
2, 11, 37507
What are the prime factors of 35855345?
5, 7171069
What are the prime factors of 6730000?
2, 5, 673
What are the prime factors of 6032452?
2, 1508113
List the prime factors of 13751485.
5, 11, 250027
What are the prime factors of 3057646?
2, 1528823
List the prime factors of 2041712.
2, 127607
What are the prime factors of 95887?
11, 23, 379
List the prime factors of 343752.
2, 3, 14323
What are the prime factors of 356683?
47, 7589
List the prime factors of 15173844.
2, 3, 7, 29, 6229
List the prime factors of 12043978.
2, 73, 82493
What are the prime factors of 18798633?
3, 7, 103, 2897
What are the prime factors of 728074?
2, 29, 12553
What are the prime factors of 5211233?
5211233
List the prime factors of 1569750.
2, 3, 5, 7, 13, 23
List the prime factors of 305509.
23, 37, 359
What are the prime factors of 881219?
881219
List the prime factors of 162746.
2, 81373
What are the prime factors of 3110970?
2, 3, 5, 103699
List the prime factors of 10691536.
2, 668221
List the prime factors of 4571122.
2, 71, 32191
List the prime factors of 2013729.
3, 31, 59, 367
List the prime factors of 4367625.
3, 5, 19, 613
What are the prime factors of 977828?
2, 244457
What are the prime factors of 398510?
2, 5, 7, 5693
What are the prime factors of 1859868?
2, 3, 17, 1013
What are the prime factors of 308284?
2, 37, 2083
What are the prime factors of 6086360?
2, 5, 7, 21737
What are the prime factors of 288923?
59, 83
List the prime factors of 6124971.
3, 907, 2251
What are the prime factors of 164291?
164291
List the prime factors of 12799312.
2, 19, 71, 593
What are the prime factors of 20122691?
19, 281, 3769
What are the prime factors of 2515811?
151, 16661
List the prime factors of 622947.
3, 13, 15973
List the prime factors of 11776653.
3, 7, 53, 3527
What are the prime factors of 1019407?
19, 53653
What are the prime factors of 2182306?
2, 7, 97, 1607
What are the prime factors of 31857?
3, 7, 37, 41
What are the prime factors of 12019771?
79, 233, 653
List the prime factors of 2028294.
2, 3, 37561
List the prime factors of 16719543.
3, 349, 5323
List the prime factors of 255197.
255197
What are the prime factors of 4975167?
3, 1658389
What are the prime factors of 1500977?
383, 3919
List the prime factors of 1543601.
607, 2543
List the prime factors of 2133383.
7, 37, 8237
List the prime factors of 277571.
7, 19, 2087
What are the prime factors of 712360?
2, 5, 11, 1619
List the prime factors of 746296.
2, 93287
What are the prime factors of 300773?
11, 37, 739
List the prime factors of 1960723.
61, 32143
What are the prime factors of 1600363?
17, 23, 4093
What are the prime factors of 1829511?
3, 203279
What are the prime factors of 1739541?
3, 293, 1979
List the prime factors of 3419052.
2, 3, 7, 13, 31, 101
What are the prime factors of 11919466?
2, 13, 113, 4057
What are the prime factors of 7825504?
2, 244547
What are the prime factors of 358923?
3, 181, 661
List the prime factors of 1348043.
601, 2243
List the prime factors of 609589.
609589
List the prime factors of 344571.
3, 331, 347
What are the prime factors of 5295919?
53, 99923
What are the prime factors of 3825?
3, 5, 17
What are the prime factors of 1949372?
2, 47, 10369
What are the prime factors of 495298?
2, 247649
List the prime factors of 4070480.
2, 5, 17, 41, 73
What are the prime factors of 8909326?
2, 17, 23, 11393
List the prime factors of 69021.
3, 7669
List the prime factors of 208229.
7, 151, 197
List the prime factors of 4776850.
2, 5, 13, 7349
List the prime factors of 3489225.
3, 5, 46523
List the prime factors of 9953788.
2, 13, 67, 2857
What are the prime factors of 38671?
38671
List the prime factors of 3814063.
11, 101, 3433
List the prime factors of 47024.
2, 2939
What are the prime factors of 433062?
2, 3, 7, 491
What are the prime factors of 383669?
11, 13, 2683
What are the prime factors of 357317?
79, 4523
List the prime factors of 3773743.
3773743
List the prime factors of 3934569.
3, 1311523
What are the prime factors of 55972?
2, 7, 1999
List the prime factors of 253538.
2, 17, 7457
What are the prime factors of 414047?
43, 9629
List the prime factors of 3321586.
2, 1660793
List the prime factors of 786127.
786127
What are the prime factors of 138056?
2, 17257
What are the prime factors of 83614?
2, 97, 431
List the prime factors of 9332514.
2, 3, 518473
List the prime factors of 2943677.
11, 41, 61, 107
What are the prime factors of 6102691?
7, 31, 28123
List the prime factors of 2387406.
2, 3, 7, 56843
What are the prime factors of 1834549?
23, 31, 83
What are the prime factors of 15245477?
13, 563, 2083
List the prime factors of 673274.
2, 7, 48091
List the prime factors of 8418426.
2, 3, 1403071
List the prime factors of 4706240.
2, 5, 7, 11, 191
What are the prime factors of 86438?
2, 11, 3929
List the prime factors of 24205315.
5, 23, 210481
List the prime factors of 3201088.
2, 11, 4547
List the prime factors of 210132.
2, 3, 13, 449
What are the prime factors of 6163421?
11, 560311
What are the prime factors of 2295902?
2, 7, 163993
What are the prime factors of 817112?
2, 102139
What are the prime factors of 263595?
3, 5, 17573
What are the prime factors of 30513356?
